-6
Calculate -6 + 3 + -12 - -8.
-7
(-4 - (-2 + 2 - 2)) + 2
0
Evaluate 8 + -3 - (4 + 3).
-2
What is -4 - (1 + (-4 - 0)) - -1?
0
What is the value of -19 + 23 + 1 + -5?
0
What is the value of 5 - 13 - -2 - (3 + -7)?
-2
Evaluate 1 + 1 - (-1 - -7).
-4
Calculate 3 - 3 - 4 - -2.
-2
What is (6 - 2) + 14 + -23?
-5
What is 55 + -53 + 1 + -7?
-4
What is 4 + (1 - (-2 - -2)) + 1?
6
Calculate (1 - 9) + (0 - -3).
-5
What is the value of -1 + (-3 + 8 - 8)?
-4
What is the value of -4 - (-2 - (4 + -1))?
1
What is -1 - ((0 + -4 - -9) + -2)?
-4
8 + -17 + 12 + -5
-2
-2 + 3 - 4 - (1 + -1)
-3
What is 0 - -8 - (8 - 5)?
5
Evaluate 1 - ((-5 - -1) + (-3 - -2)).
6
Evaluate -2 + 3 - (6 + (0 - 0)).
-5
What is -2 - (3 - 5 - (1 + -9))?
-8
Calculate 4 + (-2 - (-6 + 3)).
5
What is the value of (-2 - -9) + -4 + 6 + -3?
6
What is the value of 4 + 1 + (7 - 15) - -3?
0
What is -1 + 3 - (4 - 3)?
1
31 + -27 + (-5 - -1)
0
What is the value of -1 + -1 - (-7 - (-2 - 8))?
-5
Evaluate 3 + -7 + 0 + 0.
-4
What is 5 + 1 - (-2 + 10) - -7?
5
What is the value of (-2 - -3) + (1 - (-1 - -2))?
1
What is -4 - -9 - (2 + 4)?
-1
10 + -14 + 4 + 4 + -3
1
Calculate 3 - 9 - (-6 + -6).
6
What is the value of (4 - -4) + (-13 - (-10 - -4))?
1
What is -1 + (0 - -5) + -1 - 9?
-6
3 - (11 + (2 - (5 - -1)))
-4
What is the value of 4 + 6 + -19 + 15?
6
What is -2 - 2 - (-7 + (-11 - -15))?
-1
Evaluate (-2 - (-3 + 6)) + 0.
-5
What is the value of -7 - (1 + 0) - -2 - -1?
-5
What is (0 + 2 - -3) + -10?
-5
What is the value of (-3 - (5 - 7)) + (-1 - 0)?
-2
Evaluate 3 - (2 + -3) - 8.
-4
2 + -2 + 0 + (5 - 3)
2
Calculate 7 + (6 - 6) + 1.
8
What is (-6 - -4) + 3 + -6?
-5
What is (-5 - -1) + -3 + 6 + 4?
3
Evaluate 2 - (-1 - (-1 + -7 + 0)).
-5
0 + (-3 - -1) + (16 - 16)
-2
Evaluate -1 + 4 + -2 - 5 - -3.
-1
What is (0 - 4) + 3 - (-3 + 0)?
2
What is (20 - 7) + -1 - 7?
5
What is -2 + (13 - 6 - 2) - 4?
-1
What is (-5 - (-9 + 0)) + -3?
1
Calculate 1 + (3 - 0 - 6) - -1.
-1
What is the value of (-5 - (-5 - -3)) + 8?
5
What is the value of -1 + 1 - (8 - 4 - -1)?
-5
(-8 - -15) + (-7 - -1)
1
What is the value of (-3 - -12) + -3 - 5?
1
Calculate -3 - (5 + -11) - 0.
3
What is the value of -1 + -3 + (-13 - -20)?
3
0 - (1 + -5 + 1 + 7)
-4
Evaluate (3 - (2 + 5)) + 4.
0
2 + -2 + (3 - 1)
2
What is -1 + (0 - 3) - -7?
3
Evaluate -2 + (-2 - (0 + -2)) + 4.
2
What is 29 + -31 - (5 + (-2 - -3))?
-8
What is (-12 - -4) + (-5 - -1) + 6?
-6
6 + -11 + -3 + -4 + 4
-8
Calculate -11 - (10 - 18) - (-1 + 5).
-7
Calculate 9 - (-7 + 4) - 13.
-1
(9 - 5) + -11 + 1 - -7
1
What is the value of (-27 + 26 - (0 + -3)) + 2?
4
Calculate (0 - -2 - -1) + 26 + -33.
-4
What is -1 + 2 + 0 + 2 + -1?
2
What is -2 + (-5 + 4 - -8)?
5
What is the value of -1 + (-8 - -1) + 3 + 0?
-5
What is the value of 16 - 13 - (-2 - -9)?
-4
-3 - (18 + -12 + -6)
-3
What is the value of (-3 - 1) + 5 + -3 + 1?
-1
What is the value of -1 - (-10 - (-8 + 6 + 0))?
7
Calculate -6 + 13 + -6 - 7.
-6
Evaluate 3 + -3 + 7 - (0 - -1).
6
2 + 1 - (0 + 0 + 1)
2
What is 0 + (-12 - (-12 - 2))?
2
What is -2 - (-3 - 3 - 1 - -4)?
1
-3 + (-17 - -10) + 7 + -2
-5
What is -2 + -5 + (6 - 1) + 5?
3
0 + 4 + -5 - -4
3
Calculate -2 + 5 + -11 + 4.
-4
Calculate -4 - -5 - -1 - (-6 + 2).
6
Calculate -8 + -1 - (-236 + 229).
-2
What is -16 + 8 + 12 + (-8 - 0)?
-4
(1 - 1) + 1 + (8 - 4)
5
Calculate (-342 - -339) + -2 + (1 - 3).
-7
Calculate 1 + -6 + 6 + -7.
-6
(8 - 8) + (-4 - -1) + 6
3
What is the value of -4 + -5 + (-6 - -6) + 3?
-6
Evaluate -1 + -8 + 2 + 11.
4
Calculate 3 - (8 + -4 + (3 - 0)).
-4
What is the value of 5 - (7 - 5 - 1)?
4
Calculate -2 + 1 + (-6 - -4) + -1.
-4
2 + 1 + 51 + -56
-2
10 + -16 + (-1 - -10)
3
2 + (-14 - (-7 + 0))
-5
Evaluate (-3 - (-6 + 9)) + 4.
-2
Evaluate -8 - ((-8 - -4) + -4).
0
Calculate -7 - (-10 - -4) - -4.
3
What is -3 + -1 + (-26 - -23)?
-7
Calculate 0 + (-1 - 0) - (-3 + 4).
-2
What is 6 + 1 + -7 + (0 - 4)?
-4
-8 - (11 + -23) - (-1 + -1)
6
What is (-4 - -2) + 15 + -12?
1
9 + (-7 - ((-13 - -5) + 5))
5
Evaluate (0 - 24) + 78 + -65.
-11
Calculate -3 + 9 + (1 + 1 - 6).
2
Evaluate 7 - (-7 + 9 + 5) - 4.
-4
(-5 + (0 - 4) - -5) + 1
-3
What is -6 - -4 - ((4 - 3) + 0)?
-3
What is (0 - (-3 + 3)) + -2?
-2
What is the value of (4 - 2) + (10 - 14)?
-2
-13 + (11 - (-20 - -13))
5
What is the value of -10 + -1 - (0 - 2)?
-9
Calculate 6 + -3 + 4 - (-31 + 33).
5
Calculate 31 + -29 - (-2 + 0 + 2).
2
2 + (0 - -6) + (-19 - -18)
7
What is the value of (-2 - -13) + -2 - 5?
4
What is -8 + (-3 - (-3 + -1))?
-7
5 + -2 + 0 + (-3 - -5)
5
Calculate 10 + -19 - -8 - -5.
4
What is the value of -15 - -7 - (4 + -11)?
-1
What is -2 - ((-10 - -1) + 1 + 2)?
4
What is (-5 - (1 + (-1 - 0))) + 3?
-2
What is (-1 - 0) + -3 + 3?
-1
4 + -2 + -7 + 9 - 9
-5
-2 - -3 - (-1 + -3)
5
Calculate -2 - (2 - (-4 + 0 + 4)).
-4
(-1 - (0 + 0)) + (-11 - -13)
1
What is 1 + (3 - 1 - (-5 - -4))?
4
What is -1 + 2 + (2 - (9 - 4))?
-2
What is -1 + (3 - 6) + 0?
-4
Calculate -8 - (-8 + (-1 - -3 - -1)).
-3
5 + 6 + 0 + -10
1
What is the value of 1 + (1 - -1) + -4?
-1
(3 - -1) + -6 + 13 + -15
-4
What is 2 + (2 - 6 - (9 + -4))?
-7
What is 10 - (15 + 14 + -12)?
-7
What is the value of 9 - (6 + -7 + 5)?
5
Evaluate (2 - (1 + 2)) + 1.
0
Evaluate -2 + -2 + 1 + 7.
4
What is the value of (3 - 1) + (3 - 8) + 2?
-1
(4 - (-5 - -5)) + 1 + -1
4
Calculate (-4 - 1) + 18 + -13.
0
What is 1 + 1 + (8 - (0 + 2))?
8
(-2 - (-3 - -5 - 0)) + 1
-3
What is the value of (4 - -2) + (-8 - (3 + -7))?
2
What is the value of -3 - -2 - (-4 - (3 + -4))?
2
What is 7 - (4 - -2) - 2?
-1
Evaluate 3 + (0 + -1 - 12) + 5.
-5
Calculate -13 + (11 - (1 - -4)).
-7
4 + 0 + 18 + -16
6
Calculate -1 + 6 + -6 - (1 - 0).
-2
Calculate (18 - 12) + -6 + 0.
0
Calculate (0 + 1 - -4) + (0 - 11).
-6
Evaluate 4 - (14 - (8 - 4)) - -2.
-4
What is the value of -2 + 0 + (0 - -4) + -5?
-3
Calculate -2 + (-8 - -4 - -10).
4
Evaluate 5 + 1 + -2 + (28 - 31).
1
-7 - (-8 + (6 - 3))
-2
(4 - 6 - 1) + 4
1
What is the value of -2 - ((-4 - -7) + -9)?
4
Calculate -7 - (2 + -10) - -1.
2
What is 3 + 2 - (20 - 20) - 7?
-2
What is 2 - 5 - (4 - (4 - -6))?
3
Calculate 0 - (-1 + 3) - -5.
3
What is the value of (-4 - (3 + -13)) + -2?
4
Evaluate -1 + -1 - (-11 - -16).
-7
What is 9 + -2 + -7 - -2?
2
Evaluate (8 - (-4 + 7)) + (-11 - -4).
-2
-5 + (-14 - -12) + 4 + -3
-6
Calculate (5 - 7 - 1) + 6.
3
Evaluate 6 - (-8 + -1 - -17).
-2
Evaluate (-1 - 0) + 3 + (-67 - -59).
-6
0 + -3 - -8 - 5
0
What is 2 - 8 - ((-7 - 1) + 3)?
-1
1 - (0 - -2) - (-23 + 29)
-7
What is the value of (6 - -1) + -2 + (0 - 2)?
3
What is the value of 3 + 1 + 3 + -6 - -3?
4
Evaluate -3 - -2 - (2 + -1).
-2
Evaluate (7 - 13) + (7 - 3) + -1.
-3
What is 1 - ((14 - 7 - 4) + 4)?
-6
What is the value of 10 + (3 - 6 - (3 + -2))?
6
Calculate 2 + -3 - (1 - 5).
3
(7 - 22 - -7) + 6 + 9
7
Evaluate -12 - (-7 - (-1 - 0)).
-6
Evaluate 6 + -7 - (2 - 6).
3
Evaluate 3 + -1 + -3 + 3 - 2.
0
What is -5 - (-2 - 4 - -1)?
0
What is -18 - -23 - (1 - -1)?
3
Calculate 2 + 2 + (3 - 0) - 13.
-6
Calculate 5 - (1 - 1) - (-140 - -138).
7
(1 - 9) + -5 + 9
-4
-1 - (0 - (-6 + -2) - 6)
-3
What is (3 - 2) + (10 - 9)?
2
Evaluate (-1 - -6) + 1 - 11.
-5
Calculate -3 - (-3 + 1 - -4).
-5
Calculate (1 - (-2 + -1 + 5)) + 5.
4
Evaluate 9 + (0 + 6 - 9).
6
Evaluate 0 - (-5 - 0) - (0 - 2).
7
-58 - -59 - (2 + -4 - -5)
-2
-1 - ((0 + -3 - 6) + 3)
5
5 + -13 + -5 - -10
-3
Calculate 5 + 11 + -29 - -11.
-2
Evaluate -8 - (3 + -1) - -6.
-4
Calculate (0 - 5) + 9 - -1.
5
What is -11 + (-4 - 2) + 11?
-6
What is the value of (3 - -7 - 6) + -5?
-1
What is (1 - (-2 + 4)) + 4?
3
What is the value of -8 + 3 - (1 - 4)?
-2
Calculate 9 - (-1 - (4 - (4 - -2))).
8
Evaluate (9 + -10 - 2) + (1 - 2).
-4
What is -6 + (2 - -2) - 3?
-5
Evaluate 6 + 0 + 4 + (-1 - 10).
-1
What is the value of -3 + 2 + -4 - -4?
-1
Evaluate (-5 - -2 - -2) + -3.
-4
What is the value of (-3 + 6 - 5) + -6 - -2?
-6
Evaluate -4 + (4 + -9 - -8) + -1.
-2
What is 0 + 8 + -3 + -2?
3
What is the value of (0 + 3 - 6) + 2?
-1
What is 0 + (-2 - -2) - -1?
1
Calculate (-27 - (-8 + -5)) + 8.
-6
Calculate 6 + -2 + 0 + (2 - 2).
4
What is 1 - (-4 - (-1 + -2)) - 1?
1
Calculate (-7 - -16) + (-5 - (1 + -1)).
4
What is the value of (-6 + 9 - -6) + -10?
-1
What is (-4 - -9) + -5 + -4?
-4
Calculate -1 + 0 + 1 - (0 - 0).
0
(-2 - 0) + (5 - (-3 - -2))
4
What is -5 + (-1 + 4 - -1)?
-1
What is the value of